et l(g) = -26*g**2 - g. Determine l(-1).
-25
Let k(h) = -11*h - 20. Calculate k(-4).
24
Let d(y) = y**2 + 12*y + 45. What is d(-11)?
34
Let a(w) = -w**2 - 19*w - 22. Determine a(-19).
-22
Let x(g) = -g**3 - 4*g**2 + 3*g - 8. Give x(-5).
2
Let y(d) = d**3 + 12*d**2 + 6*d + 35. What is y(-11)?
90
Let g(m) = m**3 + 13*m**2 - 27*m + 48. Determine g(-15).
3
Let m(j) = -2*j**3 - j**2 + 3*j. Determine m(2).
-14
Let a(x) = -7*x + 2. Calculate a(1).
-5
Let b(a) = -a**2 + a + 3. Calculate b(4).
-9
Let l(c) = -18*c - 138. Give l(-10).
42
Let b(a) = a**3 + 14*a**2 + 14*a + 2. Calculate b(-13).
-11
Let f(q) = q**2 + 7*q + 5. Determine f(-4).
-7
Let a(c) = c**3 - 5*c**2 + c + 1. Calculate a(4).
-11
Let o(z) = 2*z**2 + 7*z + 17. Give o(-3).
14
Let h(j) = 2*j. Determine h(18).
36
Let k(n) = -3*n - 17. Calculate k(-6).
1
Let b(c) = -42*c + 1642. What is b(39)?
4
Let b(l) = l**2 + 5*l - 6. Give b(-8).
18
Let c(m) = m**3 + 14*m**2 + 14*m - 13. Determine c(-13).
-26
Let o(l) = -5*l**3 - 3*l**2 - 7*l - 6. Calculate o(-1).
3
Let v(n) = -n**3 + n**2 + n. Give v(-3).
33
Let t(n) = n**3 + 7*n**2 + 2*n + 5. Determine t(-7).
-9
Let c(f) = -5*f + 3. Give c(2).
-7
Let v(y) = y**2 + 5*y - 18. Calculate v(0).
-18
Let q(d) = -5*d**3 + d**2 - 2. Give q(1).
-6
Let f(p) = 14*p + 19. What is f(-1)?
5
Let s(n) = -n**3 - 5*n**2 - 2*n + 1. Determine s(-4).
-7
Let i(f) = 3*f - 92. What is i(13)?
-53
Let x(g) = -16*g**2 - 2*g + 3. Calculate x(1).
-15
Let w(j) = j**3 + j**2 + j + 5. What is w(0)?
5
Let b(m) = 6*m**2 + m + 3. Determine b(-2).
25
Let z(o) = -o**2 - 2*o - 16. Calculate z(-5).
-31
Let t(v) = -v**3 - v + 3. What is t(1)?
1
Let v(o) = -o**2 + 14*o - 8. Give v(12).
16
Let o(p) = p**2 - 5*p + 18. What is o(6)?
24
Let t(q) = 5*q - 4. What is t(-2)?
-14
Let h(v) = v**2 - 25*v - 46. Give h(27).
8
Let p(y) = 47*y - 5. Calculate p(-1).
-52
Let q(t) = -t**3 + 7*t**2 + 4*t - 10. Give q(7).
18
Let i(k) = -2*k**3 + 15*k**2 + 8*k + 5. Calculate i(7).
110
Let y(o) = -4*o - 2. Give y(7).
-30
Let n(q) = -q - 3. Determine n(-1).
-2
Let r(m) = -6*m + 5. Determine r(-5).
35
Let w(y) = y**2 - 4*y. Calculate w(-4).
32
Let u(s) = s**3 - 5*s**2 + 7. Give u(4).
-9
Let i(y) = -5*y + 2. Give i(2).
-8
Let s(x) = 7*x**3 + x**2. Determine s(1).
8
Let w(u) = u**2 - 149*u + 1392. What is w(10)?
2
Let y(f) = -f**3 + f**2 + 6*f - 9. Calculate y(2).
-1
Let b(c) = 2*c**2 - 3*c + 1. What is b(-3)?
28
Let v(l) = 8*l - 44. What is v(5)?
-4
Let d(z) = 20*z - 92. Determine d(5).
8
Let g(o) = o**3 - 8*o**2 + 6*o + 3. Determine g(7).
-4
Let r(n) = -6*n - 27. Calculate r(-9).
27
Let i(u) = -u**2 + 24*u - 23. Determine i(23).
0
Let x(o) = -3*o - 9. Calculate x(-4).
3
Let u(b) = 20*b**2 + 8*b - 14. Calculate u(2).
82
Let t(p) = p**2 + 5*p. Calculate t(-2).
-6
Let j(t) = t**3 - t**2 - 11*t + 5. Calculate j(4).
9
Let r(x) = x**3 + x - 3. What is r(0)?
-3
Let r(a) = a - 1. Determine r(10).
9
Let n(i) = -i**3 - 13*i**2 - 6*i - 9. Give n(-13).
69
Let d(y) = y**3 + 9*y**2 + 4*y + 1. Calculate d(-8).
33
Let i(n) = 4*n**2. Determine i(3).
36
Let t(r) = r**3 + 20*r**2 + 63*r - 8. Determine t(-16).
8
Let z(l) = -2*l**2 + 8*l + 126. Calculate z(-6).
6
Let n(t) = -t - 15. What is n(6)?
-21
Let w(t) = -2*t**2 + 7*t + 52. Give w(-4).
-8
Let x(w) = -33*w - 269. Calculate x(-8).
-5
Let c(h) = h**3 + h - 43. What is c(0)?
-43
Let o(d) = -d + 7. Calculate o(16).
-9
Let i(f) = f - 9. Calculate i(10).
1
Let u(z) = z**3 + 5*z**2 - 10*z. Determine u(-7).
-28
Let p(o) = -2*o + 19. Determine p(10).
-1
Let w(j) = j + 27. What is w(-14)?
13
Let m(l) = -l**3 + 7*l**2 - 8*l + 8. Determine m(6).
-4
Let i(o) = o**3 + o**2 + 4*o - 1. What is i(-2)?
-13
Let i(g) = -2*g**3 + 1. Calculate i(1).
-1
Let q(u) = -u**3 + 2*u + 8. Determine q(-4).
64
Let v(z) = z**3 + 12*z**2 + 31*z + 8. Determine v(-9).
-28
Let h(x) = 4*x - 18. Give h(4).
-2
Let l(i) = i**3 - i**2 - 2*i + 1. Determine l(3).
13
Let j(f) = -f**3 + 8*f**2 + 6*f - 8. What is j(8)?
40
Let z(c) = -2*c**2 - c + 6. Calculate z(0).
6
Let p(d) = -d**3 - 10*d**2 + 15*d - 128. Give p(-12).
-20
Let l(t) = t**2 - 2*t - 17. What is l(11)?
82
Let m(o) = o**3 - 8*o**2 + 6*o - 19. Give m(8).
29
Let p(h) = 84*h. Determine p(-1).
-84
Let r(k) = k**2 - 5. What is r(-5)?
20
Let q(n) = -n + 26. Give q(19).
7
Let s(j) = -111*j**3 + 3*j - 2. What is s(1)?
-110
Let a(g) = 53*g + 156. What is a(-3)?
-3
Let g(v) = v**3 - 4*v**2 - 3*v - 1. Determine g(5).
9
Let c(k) = -k**2 - 31*k - 24. Give c(-30).
6
Let y(i) = -i**3 + 6*i**2 - 3*i - 9. Give y(6).
-27
Let c(a) = -21*a**2 + 3*a - 2. Give c(1).
-20
Let s(j) = j**2 - 7*j - 14. Determine s(9).
4
Let w(q) = 2*q**2 - q + 1. Determine w(2).
7
Let g(k) = -k**2 - 3*k - 3. Determine g(-3).
-3
Let n(u) = -u**2 + 23*u + 30. Determine n(21).
72
Let t(y) = y**2 + 16*y - 20. Calculate t(-17).
-3
Let y(p) = -31*p**2 - 248*p + 11. Calculate y(-8).
11
Let u(v) = 9*v - 9. What is u(4)?
27
Let m(t) = -t**3 + 16*t**2 + 14*t + 20. What is m(17)?
-31
Let y(n) = -2*n**2 + 4*n - 4. What is y(3)?
-10
Let h(p) = -p**2 + 13*p - 12. What is h(8)?
28
Let m(s) = -6*s + 28. What is m(4)?
4
Let x(v) = 91*v**2 - 4*v + 3. Calculate x(1).
90
Let h(v) = v**2 - 9*v - 19. Give h(13).
33
Let b(j) = 10*j**2 - 51*j - 2. What is b(5)?
-7
Let t(u) = -u**3 - 6*u**2 - 5*u - 5. Calculate t(-5).
-5
Let v(y) = 2*y + 7. What is v(-6)?
-5
Let j(w) = 2*w**3 - w**2 + 8*w - 12. Calculate j(0).
-12
Let a(r) = -r - 2. Determine a(-11).
9
Let r(q) = -12*q - 60. Give r(-5).
0
Let h(f) = -3*f**2 + 48*f. Determine h(16).
0
Let v(a) = 16*a + 2. Determine v(-1).
-14
Let a(s) = 16*s**2 + 37*s - 9. Calculate a(-3).
24
Let k(h) = -5*h + 44. Give k(7).
9
Let t(w) = 20*w + 156. What is t(-8)?
-4
Let x(c) = -3*c**3 - 7*c**2 - 5*c + 4. Calculate x(-4).
104
Let m(p) = p**3 + 4*p**2 - p + 1. What is m(-2)?
11
Let q(m) = -4*m - 25. Determine q(-6).
-1
Let p(j) = -6*j**3 - 121*j**2 - 22*j - 40. Determine p(-20).
0
Let m(d) = d - 6. Give m(-10).
-16
Let h(p) = p**2 - 22*p - 43. Give h(-2).
5
Let f(s) = -s**2 - 14*s - 22. Give f(-5).
23
Let j(d) = -11*d**2 + 62*d + 20. What is j(6)?
-4
Let q(c) = -5*c**3 - 3*c**2 + 2. What is q(-1)?
4
Let c(t) = -t**3 - 8*t**2 - 12*t - 1. Determine c(-6).
-1
Let s(q) = -q**3 + q**2 + q - 1. Determine s(0).
-1
Let k(p) = p - 2. Give k(4).
2
Let l(a) = a**2 + 12*a - 11. Give l(-13).
2
Let m(w) = -6*w**2 - 5*w - 4. Give m(-2).
-18
Let z(v) = v**3 + 2*v**2 + 2*v - 2. What is z(-3)?
-17
Let f(g) = -7*g - 128. What is f(-21)?
19
Let g(k) = k**2 + 3*k - 6. What is g(6)?
48
Let w(d) = -d**3 - 6*d**2 + 13*d - 18. Calculate w(-8).
6
Let y(x) = x**3 - 37*x - 6. What is y(-6)?
0
Let r(s) = 6*s - 16. Determine r(8).
32
Let w(a) = -a - 7. Calculate w(-4).
-3
Let l(m) = -6*m - 1. Calculate l(1).
-7
Let v(x) = 3*x**3 - 5*x + 1. Give v(2).
15
Let s(x) = -2*x**3 + 48*x**2 - 38*x - 178. Calculate s(23).
6
Let n(o) = 63*o - 233. Calculate n(4).
19
Let q(b) = b**3 - 26*b**2 + 109*b - 70. What is q(21)?
14
Let i(y) = 10*y + 296. Give i(-29).
6
Let j(h) = 46*h + 179. Determine j(-4).
-5
Let t(m) = -m**3 + 7*m**2 - 13*m + 1. Give t(6).
-41
Let n(g) = g**3 - 3*g**2 - 5*g + 2. Give n(5).
27
Let f(p) = p**3 - 4*p**2 - 8*p + 5. Determine f(6).
29
Let l(i) = 8*i**2 + 2*i + 1. Give l(-1).
7
Let j(u) = u**3 + 14*u**2 - u - 7. Give j(-14).
7
Let u(o) = -o**2 - 5*o + 4. Give u(-4).
8
Let b(k) = 5*k**3 + 3*k + 3. Calculate b(-2).
-43
Let z(u) = u**3 + 19*u**2 - 2. What is z(-19)?
-2
Let k(o) = o**3 - 8*o**2 + 4*o + 10. Determine k(7).
-11
Let r(p) = 4*p + 48. What is r(-22)?
-40
Let b(m) = m - 4. Give b(-3).
-7
Let k(i) = i**3 + 16*i**2 - 1. Calculate k(-16).
-1
Let x(g) = -g - 55. Determine x(0).
-55
Let y(u) = u + 15. Calculate y(-12).
3
Let d(c) = c**2 + 7*c + 8. Calculate d(-7).
8
Let u(q) = 5*q + 3. Give u(-2).
-7
Let j(m) = -11*m**2 + 33*m + 3. What is j(3)?
3
Let q(l) = -l**3 + 6*l**2 + 7*l + 6. Determine q(7).
6
Let s(p) = -p**2 - 13*p - 19. Give s(-10).
11
Let s(a) = -3*a**2 - 13*a + 4. Give s(-5).
-6
Let q(s) = -s**3 - 3*s**2 + 33*s + 32. Determine q(-7).
-3
Let f(b) = b**2 - 4*b - 4. Give f(4).
-4
Let i(r) = r**2 + 4*r + 5. Calculate i(-6).
17
Let h(c) = -4*c**2 + 31*c + 6. What is h(8)?
-2
Let d(p) = 5*p - 41. What is d(10)?
9
Let u(y) = y - 3. What is u(-1)?
-4
Let z(m) = m**2 - 14*m + 42. Determine z(8).
-6
Let p(v) = -v